 561287855?
5
What is the billions digit of 2903649071?
2
What is the units digit of 31003157?
7
What is the hundreds digit of 64791454?
4
What is the ten thousands digit of 51471901?
7
What is the thousands digit of 64014709?
4
What is the thousands digit of 324096995?
6
What is the millions digit of 173755000?
3
What is the hundred millions digit of 121666471?
1
What is the ten thousands digit of 96834643?
3
What is the ten thousands digit of 47667442?
6
What is the hundreds digit of 2220978516?
5
What is the thousands digit of 1533319253?
9
What is the ten millions digit of 660605763?
6
What is the ten thousands digit of 76082998?
8
What is the billions digit of 1925675510?
1
What is the hundred thousands digit of 1431746?
4
What is the hundred thousands digit of 143506681?
5
What is the units digit of 154250370?
0
What is the tens digit of 5176952501?
0
What is the hundred thousands digit of 4112620971?
6
What is the tens digit of 449035880?
8
What is the units digit of 201498632?
2
What is the tens digit of 43199035?
3
What is the tens digit of 4406126105?
0
What is the hundred thousands digit of 311367391?
3
What is the hundred thousands digit of 48872255?
8
What is the millions digit of 332497285?
2
What is the hundreds digit of 185054626?
6
What is the millions digit of 124222590?
4
What is the hundred thousands digit of 9102328?
1
What is the billions digit of 1108058869?
1
What is the tens digit of 64413129?
2
What is the hundred millions digit of 1292183106?
2
What is the hundred millions digit of 193629690?
1
What is the millions digit of 223031391?
3
What is the tens digit of 76997186?
8
What is the hundred thousands digit of 21202979?
2
What is the millions digit of 369440087?
9
What is the units digit of 1655289554?
4
What is the ten thousands digit of 1031319839?
1
What is the tens digit of 169912316?
1
What is the hundred thousands digit of 106927078?
9
What is the millions digit of 656428659?
6
What is the ten thousands digit of 3546919595?
1
What is the ten millions digit of 40188493?
4
What is the hundred thousands digit of 646564302?
5
What is the hundred thousands digit of 480235042?
2
What is the units digit of 298755496?
6
What is the tens digit of 8876359?
5
What is the hundred thousands digit of 6314312365?
3
What is the ten thousands digit of 91780152?
8
What is the tens digit of 7177688?
8
What is the millions digit of 96012424?
6
What is the units digit of 434529649?
9
What is the ten thousands digit of 95143020?
4
What is the millions digit of 120605806?
0
What is the ten millions digit of 81187746?
8
What is the hundred millions digit of 120288053?
1
What is the ten thousands digit of 558083714?
8
What is the millions digit of 60411992?
0
What is the hundreds digit of 661373769?
7
What is the hundred millions digit of 1298614248?
2
What is the hundred thousands digit of 2127234401?
2
What is the hundreds digit of 11715428?
4
What is the ten thousands digit of 234606615?
0
What is the hundreds digit of 4949549?
5
What is the ten millions digit of 440799076?
4
What is the thousands digit of 1546442245?
2
What is the ten millions digit of 599962914?
9
What is the hundred thousands digit of 1287297262?
2
What is the hundreds digit of 19107208?
2
What is the hundred thousands digit of 686863369?
8
What is the hundred thousands digit of 931607164?
6
What is the tens digit of 140522164?
6
What is the millions digit of 518972364?
8
What is the millions digit of 230369872?
0
What is the hundred millions digit of 2733490748?
7
What is the hundred thousands digit of 1334368687?
3
What is the ten millions digit of 173968980?
7
What is the ten thousands digit of 241077511?
7
What is the millions digit of 1210014932?
0
What is the thousands digit of 2560929580?
9
What is the hundred thousands digit of 8293456?
2
What is the units digit of 37292787?
7
What is the hundreds digit of 2882120832?
8
What is the tens digit of 842404080?
8
What is the hundreds digit of 611520557?
5
What is the hundreds digit of 76817353?
3
What is the hundred millions digit of 111484354?
1
What is the units digit of 2418536985?
5
What is the ten thousands digit of 377444014?
4
What is the hundred thousands digit of 43171433?
1
What is the ten millions digit of 64179920?
6
What is the hundred thousands digit of 770012630?
0
What is the thousands digit of 1500274178?
4
What is the millions digit of 152658549?
2
What is the hundred millions digit of 2775216250?
7
What is the hundreds digit of 37566704?
7
What is the ten millions digit of 531408899?
3
What is the hundred millions digit of 914996518?
9
What is the tens digit of 415960135?
3
What is the tens digit of 98480326?
2
What is the units digit of 153331892?
2
What is the tens digit of 399518493?
9
What is the tens digit of 87032845?
4
What is the hundred thousands digit of 1274711701?
7
What is the tens digit of 211802147?
4
What is the hundred millions digit of 5032930319?
0
What is the thousands digit of 8675031?
5
What is the hundreds digit of 28305203?
2
What is the units digit of 111344626?
6
What is the hundreds digit of 4231402?
4
What is the thousands digit of 614729171?
9
What is the hundred thousands digit of 3963590054?
5
What is the units digit of 118124809?
9
What is the ten thousands digit of 25813641?
1
What is the ten millions digit of 214684804?
1
What is the ten millions digit of 525556945?
2
What is the tens digit of 12258542?
4
What is the hundred thousands digit of 53166140?
1
What is the hundred thousands digit of 15161242?
1
What is the hundred millions digit of 453305280?
4
What is the hundred millions digit of 596241485?
5
What is the millions digit of 294731307?
4
What is the ten thousands digit of 1136730104?
3
What is the ten millions digit of 48113153?
4
What is the hundred millions digit of 123589287?
1
What is the tens digit of 560661695?
9
What is the hundred thousands digit of 263893441?
8
What is the hundreds digit of 140551282?
2
What is the thousands digit of 1116944884?
4
What is the tens digit of 17371244?
4
What is the ten millions digit of 163437719?
6
What is the millions digit of 1511821583?
1
What is the hundred thousands digit of 515335843?
3
What is the ten thousands digit of 97140285?
4
What is the billions digit of 1462195907?
1
What is the ten millions digit of 17943017?
1
What is the tens digit of 50228702?
0
What is the ten millions digit of 96578908?
9
What is the tens digit of 159771250?
5
What is the tens digit of 1119701019?
1
What is the billions digit of 1303552854?
1
What is the hundreds digit of 1066085989?
9
What is the millions digit of 763880367?
3
What is the millions digit of 101493614?
1
What is the hundred thousands digit of 104570295?
5
What is the tens digit of 4142174181?
8
What is the hundred millions digit of 288988489?
2
What is the ten thousands digit of 5731065836?
6
What is the millions digit of 442833675?
2
What is the hundreds digit of 3648249051?
0
What is the millions digit of 261128233?
1
What is the ten thousands digit of 245683887?
8
What is the hundred millions digit of 446787908?
4
What is the hundreds digit of 658374973?
9
What is the millions digit of 57729070?
7
What is the hundreds digit of 421736460?
4
What is the ten thousands digit of 6826048?
2
What is the millions digit of 4300729032?
0
What is the tens digit of 24507294?
9
What is the units digit of 35068141?
1
What is the millions digit of 44362678?
4
What is the hundred millions digit of 1309640901?
3
What is the ten thousands digit of 44743681?
4
What is the ten thousands digit of 15362139?
6
What is the hundred thousands digit of 849188210?
1
What is the ten millions digit of 75846213?
7
What is the thousands digit of 224159352?
9
What is the tens digit of 1564323173?
7
What is the hundreds digit of 239328843?
8
What is the hundred thousands digit of 51452520?
4
What is the thousands digit of 9009502?
9
What is the ten thousands digit of 9444833?
4
What is the hundred thousands digit of 59435305?
4
What is the hundred millions digit of 209648229?
2
What is the units digit of 74693805?
5
What is the thousands digit of 22995621?
5
What is the hundred millions digit of 151245661?
1
What is the tens digit of 6113692?
9
What is the ten millions digit of